 common factor of 382 and 76973?
191
Calculate the greatest common divisor of 638 and 17632.
58
What is the highest common factor of 902 and 121319?
451
Calculate the highest common divisor of 15035 and 992.
31
What is the greatest common divisor of 623282 and 9922?
902
What is the highest common divisor of 3381 and 30981?
69
What is the greatest common factor of 3285 and 777888?
657
What is the highest common factor of 252 and 68508?
36
Calculate the highest common factor of 840681 and 3393.
261
Calculate the highest common divisor of 27 and 32931.
9
Calculate the highest common factor of 65221 and 1508.
377
What is the highest common factor of 47763 and 10?
1
Calculate the greatest common factor of 8138 and 403.
13
What is the greatest common divisor of 8855 and 434665?
385
What is the highest common factor of 501396 and 2303?
329
What is the greatest common divisor of 340 and 380?
20
What is the highest common factor of 200 and 39925?
25
What is the greatest common divisor of 60 and 165940?
20
What is the highest common divisor of 8990 and 1702706?
1798
What is the greatest common factor of 2625943 and 229?
229
Calculate the highest common factor of 196 and 1456784.
28
Calculate the greatest common divisor of 3843 and 1464.
183
Calculate the highest common factor of 2333988 and 144.
36
Calculate the highest common factor of 294 and 573510.
42
Calculate the greatest common factor of 17385 and 6270.
285
Calculate the greatest common divisor of 1775540 and 30.
10
What is the greatest common divisor of 110 and 9710?
10
What is the highest common divisor of 478317 and 21?
21
Calculate the highest common factor of 4376406 and 2612.
1306
Calculate the greatest common factor of 54 and 309366.
54
Calculate the highest common divisor of 10 and 2578610.
10
Calculate the highest common divisor of 3 and 176986.
1
What is the highest common factor of 30 and 8052?
6
Calculate the highest common divisor of 41 and 731973.
41
Calculate the greatest common divisor of 450 and 150615.
45
Calculate the highest common divisor of 9545 and 805.
115
What is the highest common factor of 417856 and 1024?
64
What is the greatest common factor of 112645 and 130?
65
Calculate the highest common factor of 158525 and 850.
425
What is the highest common factor of 95 and 27330?
5
What is the highest common divisor of 722 and 597455?
361
Calculate the greatest common divisor of 1238831 and 11.
11
What is the greatest common divisor of 431949 and 335?
67
What is the greatest common divisor of 5625 and 765?
45
What is the highest common divisor of 1302 and 43338?
186
Calculate the greatest common divisor of 326922 and 1932.
138
Calculate the greatest common factor of 1415754 and 144.
18
Calculate the greatest common divisor of 3832 and 3744.
8
What is the greatest common divisor of 1547 and 151385?
221
Calculate the greatest common factor of 27 and 16.
1
Calculate the greatest common divisor of 8137 and 3811.
103
What is the greatest common factor of 189 and 44373?
21
What is the greatest common divisor of 264 and 6402?
66
Calculate the highest common factor of 735 and 6065710.
245
Calculate the highest common divisor of 117 and 910.
13
Calculate the highest common factor of 106 and 38.
2
Calculate the highest common factor of 544959 and 4077.
1359
Calculate the greatest common divisor of 278590 and 3770.
130
What is the greatest common factor of 5202 and 187850?
578
Calculate the greatest common divisor of 3275 and 75.
25
Calculate the highest common factor of 2822138 and 814.
814
Calculate the greatest common factor of 20 and 7586.
2
What is the greatest common factor of 17490 and 858?
66
What is the greatest common divisor of 66 and 18271?
11
What is the greatest common divisor of 1464 and 552?
24
Calculate the greatest common divisor of 226668 and 156.
156
What is the greatest common factor of 2814 and 137283?
201
Calculate the highest common factor of 2686 and 158.
158
What is the greatest common divisor of 1429 and 16?
1
What is the highest common divisor of 19426 and 55?
11
Calculate the greatest common divisor of 162150 and 47.
47
Calculate the greatest common divisor of 40 and 14869960.
40
What is the greatest common divisor of 52 and 849862?
26
What is the greatest common divisor of 441440 and 640?
160
Calculate the highest common factor of 358649 and 3757.
289
Calculate the highest common divisor of 51635 and 7184.
449
What is the highest common divisor of 3806 and 209?
11
Calculate the greatest common divisor of 3712 and 24911.
29
What is the highest common divisor of 3 and 66245?
1
What is the highest common factor of 925 and 116291?
37
What is the highest common divisor of 39216 and 95?
19
What is the highest common divisor of 15846 and 114?
114
Calculate the highest common factor of 387970 and 880.
110
Calculate the greatest common divisor of 73 and 721970.
73
Calculate the highest common divisor of 2476732 and 161.
23
Calculate the greatest common factor of 13030 and 430.
10
Calculate the greatest common factor of 1 and 303531.
1
What is the greatest common factor of 265095 and 3225?
645
Calculate the highest common divisor of 132 and 36003.
33
What is the highest common divisor of 299737 and 37?
37
Calculate the greatest common divisor of 1335 and 50.
5
What is the greatest common divisor of 3511 and 17?
1
What is the highest common factor of 329506 and 469?
67
What is the highest common factor of 304 and 1100404?
76
What is the highest common factor of 75696 and 1116?
12
Calculate the greatest common factor of 144 and 172773.
9
What is the greatest common divisor of 2824 and 20827?
353
Calculate the greatest common divisor of 1820300 and 668.
668
What is the highest common divisor of 56066 and 17266?
194
What is the highest common divisor of 80 and 470320?
80
What is the greatest common factor of 58813 and 2369?
103
Calculate the highest common divisor of 22 and 1123.
1
What is the greatest common divisor of 285698 and 14?
14
What is the greatest common factor of 3451 and 1247?
29
What is the greatest common factor of 134 and 25962?
2
Calculate the highest common divisor of 17967 and 50172.
339
Calculate the greatest common factor of 88 and 129745.
11
What is the greatest common divisor of 279906 and 66?
66
What is the highest common divisor of 491855 and 483?
161
What is the greatest common factor of 49 and 2719549?
49
Calculate the highest common factor of 940 and 26038.
94
Calculate the highest common factor of 8 and 10844.
4
Calculate the highest common divisor of 4609 and 6704.
419
What is the highest common divisor of 253140 and 60?
60
What is the greatest common divisor of 1008 and 72?
72
Calculate the greatest common divisor of 43 and 549153.
43
What is the highest common factor of 1683 and 48246?
561
What is the highest common divisor of 79866 and 204?
102
Calculate the greatest common divisor of 3331562 and 582.
194
Calculate the greatest common factor of 18846 and 486.
54
Calculate the greatest common factor of 10 and 1071010.
10
Calculate the highest common factor of 512 and 11596.
4
Calculate the highest common divisor of 151216 and 416.
208
Calculate the highest common divisor of 3410579 and 4341.
1447
Calculate the highest common divisor of 4843 and 15698.
167
What is the greatest common factor of 957 and 10266?
87
Calculate the greatest common divisor of 368 and 1056896.
368
Calculate the highest common divisor of 13 and 6551.
1
Calculate the greatest common divisor of 21760 and 1785.
85
What is the highest common factor of 236 and 1206668?
236
Calculate the greatest common factor of 116 and 292.
4
What is the highest common divisor of 18560 and 96?
32
What is the greatest common divisor of 235 and 20?
5
Calculate the highest common divisor of 12 and 218796.
12
What is the highest common factor of 14 and 4687956?
14
Calculate the greatest common factor of 408 and 2142.
102
What is the highest common factor of 4815912 and 6?
6
Calculate the highest common factor of 20 and 159750.
10
What is the greatest common divisor of 87780 and 84?
84
What is the highest common factor of 55971 and 405?
81
Calculate the greatest common factor of 1667416 and 11354.
1622
What is the greatest common divisor of 3690 and 17466?
246
Calculate the highest common